e 250252079?
True
Does 78 divide 388867342?
False
Is 437766518 a multiple of 1709?
False
Is 222 a factor of 792985944?
False
Does 5 divide 118673276?
False
Does 1984 divide 36463446?
False
Does 107 divide 17220587?
False
Is 10 a factor of 5999857?
False
Is 5 a factor of 10729125?
True
Is 282 a factor of 1325927426?
False
Is 30 a factor of 17891553?
False
Is 62064705 a multiple of 2023?
False
Is 4467770 a multiple of 183?
False
Is 917 a factor of 561332040?
False
Is 58 a factor of 153992441?
False
Is 10175076 a multiple of 36?
True
Does 5 divide 70202915?
True
Does 185 divide 68200250?
True
Does 302 divide 166645066?
False
Is 799083768 a multiple of 328?
True
Is 58143898 a multiple of 56?
False
Does 115 divide 799360676?
False
Is 242 a factor of 398479534?
False
Is 10928352 a multiple of 24?
True
Is 723 a factor of 186875256?
True
Is 82 a factor of 102036067?
False
Does 11 divide 5465174?
True
Is 216 a factor of 11600192?
False
Is 1769040328 a multiple of 6376?
True
Does 19 divide 3518896?
False
Is 3849 a factor of 262367085?
True
Is 70810972 a multiple of 105?
False
Is 5 a factor of 689282105?
True
Is 6712174 a multiple of 1495?
False
Is 708 a factor of 37395322?
False
Is 1638 a factor of 60763819?
False
Is 159553539 a multiple of 68?
False
Is 519 a factor of 8552239?
False
Is 494 a factor of 42854006?
True
Is 1324372380 a multiple of 3132?
False
Does 2628 divide 69318756?
True
Does 43 divide 1122475913?
True
Does 230 divide 10784010?
True
Is 41 a factor of 446598857?
False
Is 15207304 a multiple of 8?
True
Does 12 divide 14761773?
False
Is 22 a factor of 712892153?
False
Does 24 divide 6911991?
False
Is 4011229317 a multiple of 2198?
False
Does 26 divide 170335179?
False
Is 241150010 a multiple of 76?
False
Does 109 divide 922955538?
True
Does 409 divide 6847993?
False
Is 7980880 a multiple of 39?
False
Is 51140760 a multiple of 748?
True
Is 2438570855 a multiple of 66?
False
Is 1833612636 a multiple of 2518?
True
Is 92770240 a multiple of 1213?
True
Does 363 divide 492228?
True
Is 4186185 a multiple of 407?
False
Does 37 divide 861383273?
True
Is 884 a factor of 13075904?
False
Is 16726632 a multiple of 13?
True
Is 5623656 a multiple of 12?
True
Is 51553536 a multiple of 2432?
True
Is 5134410 a multiple of 18?
True
Is 38124240 a multiple of 28?
True
Is 346364205 a multiple of 1649?
True
Does 61 divide 3826339753?
False
Does 151 divide 92585499?
True
Does 48 divide 1214534544?
True
Is 11 a factor of 428899079?
False
Does 530 divide 363039932?
False
Is 26935524 a multiple of 33?
True
Is 1238 a factor of 150118642?
True
Is 221013859 a multiple of 321?
False
Is 29053299 a multiple of 275?
False
Does 45 divide 112833272?
False
Is 3259 a factor of 5286658548?
True
Is 293200893 a multiple of 9?
True
Is 20018160 a multiple of 80?
True
Is 18 a factor of 6818909?
False
Is 994656736 a multiple of 1376?
True
Is 144709774 a multiple of 49?
False
Is 703028703 a multiple of 9?
False
Is 4 a factor of 652215404?
True
Is 7854835 a multiple of 3?
False
Is 1580137614 a multiple of 333?
True
Is 6 a factor of 1712918760?
True
Is 61 a factor of 69949737?
True
Is 62 a factor of 4774558?
True
Is 627644952 a multiple of 14?
False
Is 92617513 a multiple of 167?
False
Is 349331 a multiple of 3469?
False
Is 27423396 a multiple of 2574?
True
Is 1236 a factor of 8703507?
False
Does 1400 divide 1363142200?
True
Is 684 a factor of 574967731?
False
Is 5 a factor of 94695928?
False
Is 2933126 a multiple of 118?
True
Is 39276880 a multiple of 8?
True
Is 101890115 a multiple of 229?
True
Is 27 a factor of 336212743?
False
Does 283 divide 1085269908?
True
Does 331 divide 3937936363?
False
Is 785255 a multiple of 137?
False
Is 35290401 a multiple of 22?
False
Does 73 divide 618432?
False
Is 2388 a factor of 711163116?
True
Does 120 divide 71317680?
True
Does 1829 divide 82262475?
False
Is 15 a factor of 15849033?
False
Is 333721615 a multiple of 37?
False
Is 24178124 a multiple of 288?
False
Is 18034150 a multiple of 9?
False
Is 258974597 a multiple of 600?
False
Is 3472 a factor of 379836800?
True
Is 3057 a factor of 414046194?
True
Does 667 divide 130841365?
False
Is 64 a factor of 147002878?
False
Does 65 divide 2060208046?
False
Is 111129052 a multiple of 181?
False
Is 26 a factor of 12082655?
False
Is 750 a factor of 17822099?
False
Does 1697 divide 479937055?
True
Is 341770257 a multiple of 9?
True
Does 10 divide 441280995?
False
Does 597 divide 498159257?
False
Is 16 a factor of 428694096?
True
Is 1701 a factor of 190407092?
False
Is 111372375 a multiple of 355?
True
Is 36889392 a multiple of 37?
False
Is 33136170 a multiple of 590?
True
Is 73360548 a multiple of 1807?
False
Is 13 a factor of 204620995?
False
Is 15 a factor of 292875?
True
Is 5296575 a multiple of 8?
False
Is 157 a factor of 261982228?
False
Is 40936600 a multiple of 394?
True
Is 1123097713 a multiple of 710?
False
Is 119 a factor of 32486405?
True
Is 158334107 a multiple of 500?
False
Is 10 a factor of 294674427?
False
Is 493 a factor of 119754137?
True
Is 16 a factor of 129387920?
True
Does 25 divide 36180576?
False
Is 149 a factor of 21658491?
True
Does 159 divide 22369392?
True
Is 5367 a factor of 1888239408?
True
Does 814 divide 232537822?
True
Does 14 divide 290015110?
True
Does 587 divide 36653911?
False
Is 839118 a multiple of 7?
True
Is 179102241 a multiple of 421?
True
Is 17172005 a multiple of 19?
False
Does 3 divide 14767782?
True
Is 484003639 a multiple of 1588?
False
Does 68 divide 53448000?
True
Does 13 divide 30896450?
True
Does 1782 divide 16180597?
False
Does 24 divide 71472031?
False
Is 37688521 a multiple of 173?
False
Is 159256239 a multiple of 3?
True
Is 42768333 a multiple of 27?
False
Is 52 a factor of 22038353?
False
Is 570838736 a multiple of 169?
True
Is 930158820 a multiple of 43?
False
Is 2175 a factor of 16118925?
True
Does 222 divide 266041248?
True
Is 51269164 a multiple of 62?
True
Is 11 a factor of 624348824?
True
Is 363871764 a multiple of 239?
True
Does 31 divide 280618556?
False
Is 377 a factor of 68322956?
True
Does 3 divide 12787525?
False
Is 8460589 a multiple of 48?
False
Does 230 divide 287200585?
False
Is 2228292 a multiple of 198?
True
Does 243 divide 83950088?
False
Is 64 a factor of 17408640?
True
Does 1256 divide 79290442?
False
Does 103 divide 24057401?
True
Is 20 a factor of 490244720?
True
Does 611 divide 311457861?
True
Is 109 a factor of 1320235686?
True
Does 3417 divide 2264490291?
False
Is 2377 a factor of 1019336041?
True
Does 17 divide 1119705469?
False
Does 9 divide 57441987?
True
Does 7125 divide 663551039?
False
Does 3 divide 223133778?
True
Does 33 divide 88419540?
True
Does 1734 divide 17582760?
True
Does 14 divide 393004024?
True
Is 52 a factor of 35368810?
False
Is 62709504 a multiple of 104?
True
Is 73652036 a multiple of 229?
False
Is 467555703 a multiple of 942?
False
Is 1237 a factor of 629806450?
False
Does 6 divide 39426480?
True
Is 64594704 a multiple of 48?
True
Does 24 divide 15881040?
True
Is 3 a factor of 23531848?
False
Is 60 a factor of 5131579669?
False
Is 211 a factor of 475042024?
True
Is 24 a factor of 211771876?
False
Does 8645 divide 1581308820?
True
Does 637 divide 27690390?
True
Is 3329 a factor of 155304508?
True
Is 2440915 a multiple of 102?
False
Does 122 divide 16043791?
False
Is 181 a factor of 1711027915?
False
Is 58 a factor of 29288260?
True
Is 194102865 a multiple of 115?
True
Is 90 a factor of 419790960?
True
Does 4678 divide 253623587?
False
Does 31 divide 4132894?
False
Does 171 divide 86193761?
False
Is 1754890830 a multiple of 55?
True
Does 9566 divide 1250878629?
False
Is 1815 a factor of 612109615?
False
Does 436 divide 25971648?
True
Is 3425969965 a multiple of 11?
True
Is 781 a factor of 41450013?
True
Is 17071860 a multiple of 129?
True
Is 8422240 a multiple of 1092?
False
Does 1374 divide 93619?
False
Does 253 divide 288076173?
True
Does 483 divide 76828878?
True
Does 17 divide 214323133?
False
Is 2478 a factor of 307611486?
True
Is 8232581 a multiple of 7?
True
Does 133 divide 1784785801?
False
Is 11 a factor of 215475855?
False
Is 70629143 a multiple of 2171?
True
Is 22 a factor of 329245889?
False
Is 1186396255 a multiple of 269?
True
Is 424028850 a multiple of 49?
True
Does 18 divide 1025633268?